{"id":1245,"date":"2020-11-26T10:10:29","date_gmt":"2020-11-26T08:10:29","guid":{"rendered":"https:\/\/pottu.iwn.co\/yritys\/pakkaamot\/"},"modified":"2025-10-18T16:35:28","modified_gmt":"2025-10-18T13:35:28","slug":"forpacknings","status":"publish","type":"page","link":"https:\/\/www.myllymaenperuna.fi\/sv\/yritys\/forpacknings\/","title":{"rendered":"F\u00f6rpacknings"},"content":{"rendered":"\n<figure class=\"wp-block-image\"><img decoding=\"async\" src=\"https:\/\/www.perunansiemen.fi\/sites\/default\/files\/2018-03\/hallikuva_1.jpg\" alt=\"\"\/><\/figure>\n\n\n\n<p>Uts\u00e4despotatis odlare \u00e4r 7.<\/p>\n\n\n\n<p>F\u00f6rpackningsstation adresser:<\/p>\n\n\n\n<div class=\"wp-block-columns is-layout-flex wp-container-core-columns-is-layout-9d6595d7 wp-block-columns-is-layout-flex\">\n<div class=\"wp-block-column is-layout-flow wp-block-column-is-layout-flow\">\n<p><strong>Myllym\u00e4en Peruna<\/strong><\/p>\n\n\n\n<p>Nirvan-Kokontie 258<br>61980 P\u00e4nt\u00e4ne (Kauhajoki)<br>Tel. 040-5066638 Timo Myllym\u00e4ki<\/p>\n\n\n\n<p><strong>Karjalan Pakkaamo<\/strong><\/p>\n\n\n\n<p>Myllyj\u00e4rventie 277<br>74200 Vierem\u00e4<br>Tel. 0445058839 Juha Karjalainen<\/p>\n<\/div>\n\n\n\n<div class=\"wp-block-column is-layout-flow wp-block-column-is-layout-flow\">\n<p><strong>Kosolan Pakkaamo<\/strong><\/p>\n\n\n\n<p>Alajoentie 52<br>62100 Lapua<br>Tel. 0405093348 Harri Martikkala<\/p>\n\n\n\n<p><br><\/p>\n<\/div>\n<\/div>\n","protected":false},"excerpt":{"rendered":"<p>Uts\u00e4despotatis odlare \u00e4r 7. F\u00f6rpackningsstation adresser: Myllym\u00e4en Peruna Nirvan-Kokontie 25861980 P\u00e4nt\u00e4ne (Kauhajoki)Tel. 040-5066638 Timo Myllym\u00e4ki Karjalan Pakkaamo Myllyj\u00e4rventie 27774200 Vierem\u00e4Tel. 0445058839 Juha Karjalainen Kosolan Pakkaamo Alajoentie 5262100 LapuaTel. 0405093348 Harri Martikkala<\/p>\n","protected":false},"author":2,"featured_media":0,"parent":855,"menu_order":0,"comment_status":"closed","ping_status":"closed","template":"","meta":{"_genesis_hide_title":false,"_genesis_hide_breadcrumbs":false,"_genesis_hide_singular_image":false,"_genesis_hide_footer_widgets":false,"_genesis_custom_body_class":"","_genesis_custom_post_class":"","_genesis_layout":"","footnotes":""},"class_list":{"0":"post-1245","1":"page","2":"type-page","3":"status-publish","5":"entry"},"yoast_head":"<!-- This site is optimized with the Yoast SEO plugin v27.5 - https:\/\/yoast.com\/product\/yoast-seo-wordpress\/ -->\n<title>F\u00f6rpacknings -<\/title>\n<meta name=\"robots\" content=\"index, follow, max-snippet:-1, max-image-preview:large, max-video-preview:-1\" \/>\n<link rel=\"canonical\" href=\"https:\/\/www.myllymaenperuna.fi\/sv\/yritys\/forpacknings\/\" \/>\n<meta property=\"og:locale\" content=\"sv_SE\" \/>\n<meta property=\"og:type\" content=\"article\" \/>\n<meta property=\"og:title\" content=\"F\u00f6rpacknings -\" \/>\n<meta property=\"og:description\" content=\"Uts\u00e4despotatis odlare \u00e4r 7. F\u00f6rpackningsstation adresser: Myllym\u00e4en Peruna Nirvan-Kokontie 25861980 P\u00e4nt\u00e4ne (Kauhajoki)Tel. 040-5066638 Timo Myllym\u00e4ki Karjalan Pakkaamo Myllyj\u00e4rventie 27774200 Vierem\u00e4Tel. 0445058839 Juha Karjalainen Kosolan Pakkaamo Alajoentie 5262100 LapuaTel. 0405093348 Harri Martikkala\" \/>\n<meta property=\"og:url\" content=\"https:\/\/www.myllymaenperuna.fi\/sv\/yritys\/forpacknings\/\" \/>\n<meta property=\"article:modified_time\" content=\"2025-10-18T13:35:28+00:00\" \/>\n<meta property=\"og:image\" content=\"https:\/\/www.perunansiemen.fi\/sites\/default\/files\/2018-03\/hallikuva_1.jpg\" \/>\n<meta name=\"twitter:card\" content=\"summary_large_image\" \/>\n<meta name=\"twitter:label1\" content=\"Ber\u00e4knad l\u00e4stid\" \/>\n\t<meta name=\"twitter:data1\" content=\"1 minut\" \/>\n<script type=\"application\/ld+json\" class=\"yoast-schema-graph\">{\"@context\":\"https:\\\/\\\/schema.org\",\"@graph\":[{\"@type\":\"WebPage\",\"@id\":\"https:\\\/\\\/www.myllymaenperuna.fi\\\/sv\\\/yritys\\\/forpacknings\\\/\",\"url\":\"https:\\\/\\\/www.myllymaenperuna.fi\\\/sv\\\/yritys\\\/forpacknings\\\/\",\"name\":\"F\u00f6rpacknings -\",\"isPartOf\":{\"@id\":\"https:\\\/\\\/www.myllymaenperuna.fi\\\/#website\"},\"primaryImageOfPage\":{\"@id\":\"https:\\\/\\\/www.myllymaenperuna.fi\\\/sv\\\/yritys\\\/forpacknings\\\/#primaryimage\"},\"image\":{\"@id\":\"https:\\\/\\\/www.myllymaenperuna.fi\\\/sv\\\/yritys\\\/forpacknings\\\/#primaryimage\"},\"thumbnailUrl\":\"https:\\\/\\\/www.perunansiemen.fi\\\/sites\\\/default\\\/files\\\/2018-03\\\/hallikuva_1.jpg\",\"datePublished\":\"2020-11-26T08:10:29+00:00\",\"dateModified\":\"2025-10-18T13:35:28+00:00\",\"breadcrumb\":{\"@id\":\"https:\\\/\\\/www.myllymaenperuna.fi\\\/sv\\\/yritys\\\/forpacknings\\\/#breadcrumb\"},\"inLanguage\":\"sv-SE\",\"potentialAction\":[{\"@type\":\"ReadAction\",\"target\":[\"https:\\\/\\\/www.myllymaenperuna.fi\\\/sv\\\/yritys\\\/forpacknings\\\/\"]}]},{\"@type\":\"ImageObject\",\"inLanguage\":\"sv-SE\",\"@id\":\"https:\\\/\\\/www.myllymaenperuna.fi\\\/sv\\\/yritys\\\/forpacknings\\\/#primaryimage\",\"url\":\"https:\\\/\\\/www.perunansiemen.fi\\\/sites\\\/default\\\/files\\\/2018-03\\\/hallikuva_1.jpg\",\"contentUrl\":\"https:\\\/\\\/www.perunansiemen.fi\\\/sites\\\/default\\\/files\\\/2018-03\\\/hallikuva_1.jpg\"},{\"@type\":\"BreadcrumbList\",\"@id\":\"https:\\\/\\\/www.myllymaenperuna.fi\\\/sv\\\/yritys\\\/forpacknings\\\/#breadcrumb\",\"itemListElement\":[{\"@type\":\"ListItem\",\"position\":1,\"name\":\"Etusivu\",\"item\":\"https:\\\/\\\/www.myllymaenperuna.fi\\\/sv\\\/utsadespotatis-nya-tillvaxt-potatis\\\/\"},{\"@type\":\"ListItem\",\"position\":2,\"name\":\"F\u00f6retag\",\"item\":\"https:\\\/\\\/www.myllymaenperuna.fi\\\/sv\\\/yritys\\\/\"},{\"@type\":\"ListItem\",\"position\":3,\"name\":\"F\u00f6rpacknings\"}]},{\"@type\":\"WebSite\",\"@id\":\"https:\\\/\\\/www.myllymaenperuna.fi\\\/#website\",\"url\":\"https:\\\/\\\/www.myllymaenperuna.fi\\\/\",\"name\":\"Myllym\u00e4en Peruna\",\"description\":\"\",\"publisher\":{\"@id\":\"https:\\\/\\\/www.myllymaenperuna.fi\\\/#organization\"},\"potentialAction\":[{\"@type\":\"SearchAction\",\"target\":{\"@type\":\"EntryPoint\",\"urlTemplate\":\"https:\\\/\\\/www.myllymaenperuna.fi\\\/?s={search_term_string}\"},\"query-input\":{\"@type\":\"PropertyValueSpecification\",\"valueRequired\":true,\"valueName\":\"search_term_string\"}}],\"inLanguage\":\"sv-SE\"},{\"@type\":\"Organization\",\"@id\":\"https:\\\/\\\/www.myllymaenperuna.fi\\\/#organization\",\"name\":\"Myllym\u00e4en Peruna Oy\",\"url\":\"https:\\\/\\\/www.myllymaenperuna.fi\\\/\",\"logo\":{\"@type\":\"ImageObject\",\"inLanguage\":\"sv-SE\",\"@id\":\"https:\\\/\\\/www.myllymaenperuna.fi\\\/#\\\/schema\\\/logo\\\/image\\\/\",\"url\":\"https:\\\/\\\/www.myllymaenperuna.fi\\\/wp-content\\\/uploads\\\/2020\\\/11\\\/cropped-12047055_1707372999492603_8916973196134046991_n.jpg\",\"contentUrl\":\"https:\\\/\\\/www.myllymaenperuna.fi\\\/wp-content\\\/uploads\\\/2020\\\/11\\\/cropped-12047055_1707372999492603_8916973196134046991_n.jpg\",\"width\":760,\"height\":700,\"caption\":\"Myllym\u00e4en Peruna Oy\"},\"image\":{\"@id\":\"https:\\\/\\\/www.myllymaenperuna.fi\\\/#\\\/schema\\\/logo\\\/image\\\/\"}}]}<\/script>\n<!-- \/ Yoast SEO plugin. -->","yoast_head_json":{"title":"F\u00f6rpacknings -","robots":{"index":"index","follow":"follow","max-snippet":"max-snippet:-1","max-image-preview":"max-image-preview:large","max-video-preview":"max-video-preview:-1"},"canonical":"https:\/\/www.myllymaenperuna.fi\/sv\/yritys\/forpacknings\/","og_locale":"sv_SE","og_type":"article","og_title":"F\u00f6rpacknings -","og_description":"Uts\u00e4despotatis odlare \u00e4r 7. F\u00f6rpackningsstation adresser: Myllym\u00e4en Peruna Nirvan-Kokontie 25861980 P\u00e4nt\u00e4ne (Kauhajoki)Tel. 040-5066638 Timo Myllym\u00e4ki Karjalan Pakkaamo Myllyj\u00e4rventie 27774200 Vierem\u00e4Tel. 0445058839 Juha Karjalainen Kosolan Pakkaamo Alajoentie 5262100 LapuaTel. 0405093348 Harri Martikkala","og_url":"https:\/\/www.myllymaenperuna.fi\/sv\/yritys\/forpacknings\/","article_modified_time":"2025-10-18T13:35:28+00:00","og_image":[{"url":"https:\/\/www.perunansiemen.fi\/sites\/default\/files\/2018-03\/hallikuva_1.jpg","type":"","width":"","height":""}],"twitter_card":"summary_large_image","twitter_misc":{"Ber\u00e4knad l\u00e4stid":"1 minut"},"schema":{"@context":"https:\/\/schema.org","@graph":[{"@type":"WebPage","@id":"https:\/\/www.myllymaenperuna.fi\/sv\/yritys\/forpacknings\/","url":"https:\/\/www.myllymaenperuna.fi\/sv\/yritys\/forpacknings\/","name":"F\u00f6rpacknings -","isPartOf":{"@id":"https:\/\/www.myllymaenperuna.fi\/#website"},"primaryImageOfPage":{"@id":"https:\/\/www.myllymaenperuna.fi\/sv\/yritys\/forpacknings\/#primaryimage"},"image":{"@id":"https:\/\/www.myllymaenperuna.fi\/sv\/yritys\/forpacknings\/#primaryimage"},"thumbnailUrl":"https:\/\/www.perunansiemen.fi\/sites\/default\/files\/2018-03\/hallikuva_1.jpg","datePublished":"2020-11-26T08:10:29+00:00","dateModified":"2025-10-18T13:35:28+00:00","breadcrumb":{"@id":"https:\/\/www.myllymaenperuna.fi\/sv\/yritys\/forpacknings\/#breadcrumb"},"inLanguage":"sv-SE","potentialAction":[{"@type":"ReadAction","target":["https:\/\/www.myllymaenperuna.fi\/sv\/yritys\/forpacknings\/"]}]},{"@type":"ImageObject","inLanguage":"sv-SE","@id":"https:\/\/www.myllymaenperuna.fi\/sv\/yritys\/forpacknings\/#primaryimage","url":"https:\/\/www.perunansiemen.fi\/sites\/default\/files\/2018-03\/hallikuva_1.jpg","contentUrl":"https:\/\/www.perunansiemen.fi\/sites\/default\/files\/2018-03\/hallikuva_1.jpg"},{"@type":"BreadcrumbList","@id":"https:\/\/www.myllymaenperuna.fi\/sv\/yritys\/forpacknings\/#breadcrumb","itemListElement":[{"@type":"ListItem","position":1,"name":"Etusivu","item":"https:\/\/www.myllymaenperuna.fi\/sv\/utsadespotatis-nya-tillvaxt-potatis\/"},{"@type":"ListItem","position":2,"name":"F\u00f6retag","item":"https:\/\/www.myllymaenperuna.fi\/sv\/yritys\/"},{"@type":"ListItem","position":3,"name":"F\u00f6rpacknings"}]},{"@type":"WebSite","@id":"https:\/\/www.myllymaenperuna.fi\/#website","url":"https:\/\/www.myllymaenperuna.fi\/","name":"Myllym\u00e4en Peruna","description":"","publisher":{"@id":"https:\/\/www.myllymaenperuna.fi\/#organization"},"potentialAction":[{"@type":"SearchAction","target":{"@type":"EntryPoint","urlTemplate":"https:\/\/www.myllymaenperuna.fi\/?s={search_term_string}"},"query-input":{"@type":"PropertyValueSpecification","valueRequired":true,"valueName":"search_term_string"}}],"inLanguage":"sv-SE"},{"@type":"Organization","@id":"https:\/\/www.myllymaenperuna.fi\/#organization","name":"Myllym\u00e4en Peruna Oy","url":"https:\/\/www.myllymaenperuna.fi\/","logo":{"@type":"ImageObject","inLanguage":"sv-SE","@id":"https:\/\/www.myllymaenperuna.fi\/#\/schema\/logo\/image\/","url":"https:\/\/www.myllymaenperuna.fi\/wp-content\/uploads\/2020\/11\/cropped-12047055_1707372999492603_8916973196134046991_n.jpg","contentUrl":"https:\/\/www.myllymaenperuna.fi\/wp-content\/uploads\/2020\/11\/cropped-12047055_1707372999492603_8916973196134046991_n.jpg","width":760,"height":700,"caption":"Myllym\u00e4en Peruna Oy"},"image":{"@id":"https:\/\/www.myllymaenperuna.fi\/#\/schema\/logo\/image\/"}}]}},"featured_image_src":null,"featured_image_src_square":null,"_links":{"self":[{"href":"https:\/\/www.myllymaenperuna.fi\/sv\/wp-json\/wp\/v2\/pages\/1245","targetHints":{"allow":["GET"]}}],"collection":[{"href":"https:\/\/www.myllymaenperuna.fi\/sv\/wp-json\/wp\/v2\/pages"}],"about":[{"href":"https:\/\/www.myllymaenperuna.fi\/sv\/wp-json\/wp\/v2\/types\/page"}],"author":[{"embeddable":true,"href":"https:\/\/www.myllymaenperuna.fi\/sv\/wp-json\/wp\/v2\/users\/2"}],"replies":[{"embeddable":true,"href":"https:\/\/www.myllymaenperuna.fi\/sv\/wp-json\/wp\/v2\/comments?post=1245"}],"version-history":[{"count":5,"href":"https:\/\/www.myllymaenperuna.fi\/sv\/wp-json\/wp\/v2\/pages\/1245\/revisions"}],"predecessor-version":[{"id":3797,"href":"https:\/\/www.myllymaenperuna.fi\/sv\/wp-json\/wp\/v2\/pages\/1245\/revisions\/3797"}],"up":[{"embeddable":true,"href":"https:\/\/www.myllymaenperuna.fi\/sv\/wp-json\/wp\/v2\/pages\/855"}],"wp:attachment":[{"href":"https:\/\/www.myllymaenperuna.fi\/sv\/wp-json\/wp\/v2\/media?parent=1245"}],"curies":[{"name":"wp","href":"https:\/\/api.w.org\/{rel}","templated":true}]}}

Förpacknings

<figure class="wp-block-image"><img decoding="async" src="https://www.perunansiemen.fi/sites/default/files/2018-03/hallikuva_1.jpg" alt=""/></figure>



<p>Utsädespotatis odlare är 7.</p>



<p>Förpackningsstation adresser:</p>



<div class="wp-block-columns is-layout-flex wp-container-core-columns-is-layout-9d6595d7 wp-block-columns-is-layout-flex">
<div class="wp-block-column is-layout-flow wp-block-column-is-layout-flow">
<p><strong>Myllymäen Peruna</strong></p>



<p>Nirvan-Kokontie 258<br>61980 Päntäne (Kauhajoki)<br>Tel. 040-5066638 Timo Myllymäki</p>



<p><strong>Karjalan Pakkaamo</strong></p>



<p>Myllyjärventie 277<br>74200 Vieremä<br>Tel. 0445058839 Juha Karjalainen</p>
</div>



<div class="wp-block-column is-layout-flow wp-block-column-is-layout-flow">
<p><strong>Kosolan Pakkaamo</strong></p>



<p>Alajoentie 52<br>62100 Lapua<br>Tel. 0405093348 Harri Martikkala</p>



<p><br></p>
</div>
</div>

<p>Utsädespotatis odlare är 7. Förpackningsstation adresser: Myllymäen Peruna Nirvan-Kokontie 25861980 Päntäne (Kauhajoki)Tel. 040-5066638 Timo Myllymäki Karjalan Pakkaamo Myllyjärventie 27774200 VieremäTel. 0445058839 Juha Karjalainen Kosolan Pakkaamo Alajoentie 5262100 LapuaTel. 0405093348 Harri Martikkala</p>

<!-- This site is optimized with the Yoast SEO plugin v27.5 - https://yoast.com/product/yoast-seo-wordpress/ -->
<title>Förpacknings -</title>
<meta name="robots" content="index, follow, max-snippet:-1, max-image-preview:large, max-video-preview:-1" />
<link rel="canonical" href="https://www.myllymaenperuna.fi/sv/yritys/forpacknings/" />
<meta property="og:locale" content="sv_SE" />
<meta property="og:type" content="article" />
<meta property="og:title" content="Förpacknings -" />
<meta property="og:description" content="Utsädespotatis odlare är 7. Förpackningsstation adresser: Myllymäen Peruna Nirvan-Kokontie 25861980 Päntäne (Kauhajoki)Tel. 040-5066638 Timo Myllymäki Karjalan Pakkaamo Myllyjärventie 27774200 VieremäTel. 0445058839 Juha Karjalainen Kosolan Pakkaamo Alajoentie 5262100 LapuaTel. 0405093348 Harri Martikkala" />
<meta property="og:url" content="https://www.myllymaenperuna.fi/sv/yritys/forpacknings/" />
<meta property="article:modified_time" content="2025-10-18T13:35:28+00:00" />
<meta property="og:image" content="https://www.perunansiemen.fi/sites/default/files/2018-03/hallikuva_1.jpg" />
<meta name="twitter:card" content="summary_large_image" />
<meta name="twitter:label1" content="Beräknad lästid" />
	<meta name="twitter:data1" content="1 minut" />
<script type="application/ld+json" class="yoast-schema-graph">{"@context":"https:\/\/schema.org","@graph":[{"@type":"WebPage","@id":"https:\/\/www.myllymaenperuna.fi\/sv\/yritys\/forpacknings\/","url":"https:\/\/www.myllymaenperuna.fi\/sv\/yritys\/forpacknings\/","name":"Förpacknings -","isPartOf":{"@id":"https:\/\/www.myllymaenperuna.fi\/#website"},"primaryImageOfPage":{"@id":"https:\/\/www.myllymaenperuna.fi\/sv\/yritys\/forpacknings\/#primaryimage"},"image":{"@id":"https:\/\/www.myllymaenperuna.fi\/sv\/yritys\/forpacknings\/#primaryimage"},"thumbnailUrl":"https:\/\/www.perunansiemen.fi\/sites\/default\/files\/2018-03\/hallikuva_1.jpg","datePublished":"2020-11-26T08:10:29+00:00","dateModified":"2025-10-18T13:35:28+00:00","breadcrumb":{"@id":"https:\/\/www.myllymaenperuna.fi\/sv\/yritys\/forpacknings\/#breadcrumb"},"inLanguage":"sv-SE","potentialAction":[{"@type":"ReadAction","target":["https:\/\/www.myllymaenperuna.fi\/sv\/yritys\/forpacknings\/"]}]},{"@type":"ImageObject","inLanguage":"sv-SE","@id":"https:\/\/www.myllymaenperuna.fi\/sv\/yritys\/forpacknings\/#primaryimage","url":"https:\/\/www.perunansiemen.fi\/sites\/default\/files\/2018-03\/hallikuva_1.jpg","contentUrl":"https:\/\/www.perunansiemen.fi\/sites\/default\/files\/2018-03\/hallikuva_1.jpg"},{"@type":"BreadcrumbList","@id":"https:\/\/www.myllymaenperuna.fi\/sv\/yritys\/forpacknings\/#breadcrumb","itemListElement":[{"@type":"ListItem","position":1,"name":"Etusivu","item":"https:\/\/www.myllymaenperuna.fi\/sv\/utsadespotatis-nya-tillvaxt-potatis\/"},{"@type":"ListItem","position":2,"name":"Företag","item":"https:\/\/www.myllymaenperuna.fi\/sv\/yritys\/"},{"@type":"ListItem","position":3,"name":"Förpacknings"}]},{"@type":"WebSite","@id":"https:\/\/www.myllymaenperuna.fi\/#website","url":"https:\/\/www.myllymaenperuna.fi\/","name":"Myllymäen Peruna","description":"","publisher":{"@id":"https:\/\/www.myllymaenperuna.fi\/#organization"},"potentialAction":[{"@type":"SearchAction","target":{"@type":"EntryPoint","urlTemplate":"https:\/\/www.myllymaenperuna.fi\/?s={search_term_string}"},"query-input":{"@type":"PropertyValueSpecification","valueRequired":true,"valueName":"search_term_string"}}],"inLanguage":"sv-SE"},{"@type":"Organization","@id":"https:\/\/www.myllymaenperuna.fi\/#organization","name":"Myllymäen Peruna Oy","url":"https:\/\/www.myllymaenperuna.fi\/","logo":{"@type":"ImageObject","inLanguage":"sv-SE","@id":"https:\/\/www.myllymaenperuna.fi\/#\/schema\/logo\/image\/","url":"https:\/\/www.myllymaenperuna.fi\/wp-content\/uploads\/2020\/11\/cropped-12047055_1707372999492603_8916973196134046991_n.jpg","contentUrl":"https:\/\/www.myllymaenperuna.fi\/wp-content\/uploads\/2020\/11\/cropped-12047055_1707372999492603_8916973196134046991_n.jpg","width":760,"height":700,"caption":"Myllymäen Peruna Oy"},"image":{"@id":"https:\/\/www.myllymaenperuna.fi\/#\/schema\/logo\/image\/"}}]}</script>
<!-- / Yoast SEO plugin. -->

Förpacknings -

Utsädespotatis odlare är 7. Förpackningsstation adresser: Myllymäen Peruna Nirvan-Kokontie 25861980 Päntäne (Kauhajoki)Tel. 040-5066638 Timo Myllymäki Karjalan Pakkaamo Myllyjärventie 27774200 VieremäTel. 0445058839 Juha Karjalainen Kosolan Pakkaamo Alajoentie 5262100 LapuaTel. 0405093348 Harri Martikkala

Företag

Myllymäen Peruna

Myllymäen Peruna Oy
