{"id":667,"date":"2020-11-09T11:14:16","date_gmt":"2020-11-09T09:14:16","guid":{"rendered":"https:\/\/pottu.iwn.co\/tuote\/partner\/"},"modified":"2022-12-23T10:49:28","modified_gmt":"2022-12-23T08:49:28","slug":"partner","status":"publish","type":"product","link":"https:\/\/www.myllymaenperuna.fi\/sv\/tuote\/partner\/","title":{"rendered":"PARTNER"},"content":{"rendered":"<p>S\u00e4ker partner i b\u00f6rjan av sk\u00f6rdes\u00e4songen<br \/>\nMycket tidig st\u00e4rkelsepotatis<br \/>\nSt\u00e4rkelsesk\u00f6rd i augusti slutf\u00f6rd<\/p>\n<p>Funktioner och l\u00e4mplighet<\/p>\n<p>&#8211; Mycket tidig st\u00e4rkelsepotatis<\/p>\n<p>&#8211; Kn\u00f6lgr\u00f6dan och st\u00e4rkelsen kommer att vara f\u00e4rdig i augusti<\/p>\n<p>&#8211; G\u00f6r ett mycket stort antal kn\u00f6lar<\/p>\n<p>&#8211; St\u00e4rkelseprocent 17-20%<\/p>\n<p>&#8211; N\u00e5got k\u00e4nslig f\u00f6r torrhet<\/p>\n<p>&#8211; K\u00e4nslig f\u00f6r moptop-virus<\/p>\n<p>&#8211; Nematod resistens alla raser<\/p>\n<p>&#8211; Bra lagring<\/p>\n<p>&nbsp;<\/p>\n<p>Odlingsinstruktioner:<\/p>\n<p>Partnern har motst\u00e5nd mot nematod Ro1, Ro2, Ro3, Ro4 och Ro5 motst\u00e5nd 9 (9=motst\u00e5nd mot alla raser mer \u00e4n 99 %) och \u00e4ven motst\u00e5ndskraft mot potatisv\u00e5rt. Partner \u00e4r k\u00e4nslig f\u00f6r att visa symtom p\u00e5 moptop-virus, men detta \u00e4r inte ett problem vid produktion av st\u00e4rkelsepotatis. Dess lagring \u00e4r bra och groningsvila \u00e4r medelm\u00e5ttig. Torka utsatta block \u00e4r inte l\u00e4mpliga f\u00f6r Partner.<\/p>\n<p>Befruktninginstruktioner:<\/p>\n<p>St\u00e4rkelsepotatisproduktion \u00e4r planteringsavst\u00e5ndet minst 28\u201330 cm p\u00e5 grund av det stora antalet kn\u00f6lar och kv\u00e4vebehov \u00e4r cirka 100\u2013110 kg N \/ hektar.<\/p>\n<p>Uts\u00e4desproduktion \u00e4r planteringsavst\u00e5ndet 21-22 cm, kv\u00e4vebehovet \u00e4r cirka 50-55 kg N \/ hektar.<\/p>\n<p>&nbsp;<\/p>\n<p>V\u00e4xtskydd:<\/p>\n<p>Fr\u00f6betning rekommenderas f\u00f6re plantering. Anv\u00e4ndning av ogr\u00e4s enligt anvisningarna. Partner \u00e4r inte k\u00e4nslig Metributzin (Senkor\/Mistral).<\/p>\n<p>Partner har en ganska bra motst\u00e5ndskraft mot bladm\u00f6gel och bra brunr\u00f6ta, s\u00e5 ta hand om pestbek\u00e4mpning. Kontrollera \u00e4ven torrfl\u00e4cksjuka efter behov.<\/p>\n<p>Blastnedvissning i potatis f\u00f6re sk\u00f6rd, mekanisk blasten krossas + Spotlight 1.0 L \/ hektar. N\u00e4r du anv\u00e4nder kemisk blastnedvissning Reglone 1,5 &#8211; 2 L \/ hektar + 400 l vatten.<\/p>\n<p>&nbsp;<\/p>\n","protected":false},"excerpt":{"rendered":"<p>S\u00e4ker partner i b\u00f6rjan av sk\u00f6rdes\u00e4songen<br \/>\nMycket tidig st\u00e4rkelsepotatis<br \/>\nSt\u00e4rkelsesk\u00f6rd i augusti slutf\u00f6rd<\/p>\n","protected":false},"featured_media":1717,"template":"","meta":{"_genesis_hide_title":false,"_genesis_hide_breadcrumbs":false,"_genesis_hide_singular_image":false,"_genesis_hide_footer_widgets":false,"_genesis_custom_body_class":"","_genesis_custom_post_class":"","_genesis_layout":""},"product_brand":[],"product_cat":[72,74,40],"product_tag":[],"class_list":{"0":"post-667","1":"product","2":"type-product","3":"status-publish","4":"has-post-thumbnail","6":"product_cat-4-sv","7":"product_cat-suurempi-siemen-sv","8":"product_cat-tarkkelysperunalajikkeet-sv","9":"entry","11":"first","12":"instock","13":"taxable","14":"shipping-taxable","15":"product-type-simple"},"yoast_head":"<!-- This site is optimized with the Yoast SEO plugin v27.5 - https:\/\/yoast.com\/product\/yoast-seo-wordpress\/ -->\n<title>PARTNER -<\/title>\n<meta name=\"robots\" content=\"index, follow, max-snippet:-1, max-image-preview:large, max-video-preview:-1\" \/>\n<link rel=\"canonical\" href=\"https:\/\/www.myllymaenperuna.fi\/sv\/tuote\/partner\/\" \/>\n<meta property=\"og:locale\" content=\"sv_SE\" \/>\n<meta property=\"og:type\" content=\"article\" \/>\n<meta property=\"og:title\" content=\"PARTNER -\" \/>\n<meta property=\"og:description\" content=\"S\u00e4ker partner i b\u00f6rjan av sk\u00f6rdes\u00e4songen Mycket tidig st\u00e4rkelsepotatis St\u00e4rkelsesk\u00f6rd i augusti slutf\u00f6rd\" \/>\n<meta property=\"og:url\" content=\"https:\/\/www.myllymaenperuna.fi\/sv\/tuote\/partner\/\" \/>\n<meta property=\"article:modified_time\" content=\"2022-12-23T08:49:28+00:00\" \/>\n<meta property=\"og:image\" content=\"https:\/\/www.myllymaenperuna.fi\/wp-content\/uploads\/2021\/03\/Partner.jpg\" \/>\n\t<meta property=\"og:image:width\" content=\"2256\" \/>\n\t<meta property=\"og:image:height\" content=\"1504\" \/>\n\t<meta property=\"og:image:type\" content=\"image\/jpeg\" \/>\n<meta name=\"twitter:card\" content=\"summary_large_image\" \/>\n<meta name=\"twitter:label1\" content=\"Ber\u00e4knad l\u00e4stid\" \/>\n\t<meta name=\"twitter:data1\" content=\"1 minut\" \/>\n<script type=\"application\/ld+json\" class=\"yoast-schema-graph\">{\"@context\":\"https:\\\/\\\/schema.org\",\"@graph\":[{\"@type\":\"WebPage\",\"@id\":\"https:\\\/\\\/www.myllymaenperuna.fi\\\/sv\\\/tuote\\\/partner\\\/\",\"url\":\"https:\\\/\\\/www.myllymaenperuna.fi\\\/sv\\\/tuote\\\/partner\\\/\",\"name\":\"PARTNER -\",\"isPartOf\":{\"@id\":\"https:\\\/\\\/www.myllymaenperuna.fi\\\/#website\"},\"primaryImageOfPage\":{\"@id\":\"https:\\\/\\\/www.myllymaenperuna.fi\\\/sv\\\/tuote\\\/partner\\\/#primaryimage\"},\"image\":{\"@id\":\"https:\\\/\\\/www.myllymaenperuna.fi\\\/sv\\\/tuote\\\/partner\\\/#primaryimage\"},\"thumbnailUrl\":\"https:\\\/\\\/www.myllymaenperuna.fi\\\/wp-content\\\/uploads\\\/2021\\\/03\\\/Partner.jpg\",\"datePublished\":\"2020-11-09T09:14:16+00:00\",\"dateModified\":\"2022-12-23T08:49:28+00:00\",\"breadcrumb\":{\"@id\":\"https:\\\/\\\/www.myllymaenperuna.fi\\\/sv\\\/tuote\\\/partner\\\/#breadcrumb\"},\"inLanguage\":\"sv-SE\",\"potentialAction\":[{\"@type\":\"ReadAction\",\"target\":[\"https:\\\/\\\/www.myllymaenperuna.fi\\\/sv\\\/tuote\\\/partner\\\/\"]}]},{\"@type\":\"ImageObject\",\"inLanguage\":\"sv-SE\",\"@id\":\"https:\\\/\\\/www.myllymaenperuna.fi\\\/sv\\\/tuote\\\/partner\\\/#primaryimage\",\"url\":\"https:\\\/\\\/www.myllymaenperuna.fi\\\/wp-content\\\/uploads\\\/2021\\\/03\\\/Partner.jpg\",\"contentUrl\":\"https:\\\/\\\/www.myllymaenperuna.fi\\\/wp-content\\\/uploads\\\/2021\\\/03\\\/Partner.jpg\",\"width\":2256,\"height\":1504},{\"@type\":\"BreadcrumbList\",\"@id\":\"https:\\\/\\\/www.myllymaenperuna.fi\\\/sv\\\/tuote\\\/partner\\\/#breadcrumb\",\"itemListElement\":[{\"@type\":\"ListItem\",\"position\":1,\"name\":\"Etusivu\",\"item\":\"https:\\\/\\\/www.myllymaenperuna.fi\\\/sv\\\/utsadespotatis-nya-tillvaxt-potatis\\\/\"},{\"@type\":\"ListItem\",\"position\":2,\"name\":\"PARTNER\"}]},{\"@type\":\"WebSite\",\"@id\":\"https:\\\/\\\/www.myllymaenperuna.fi\\\/#website\",\"url\":\"https:\\\/\\\/www.myllymaenperuna.fi\\\/\",\"name\":\"Myllym\u00e4en Peruna\",\"description\":\"\",\"publisher\":{\"@id\":\"https:\\\/\\\/www.myllymaenperuna.fi\\\/#organization\"},\"potentialAction\":[{\"@type\":\"SearchAction\",\"target\":{\"@type\":\"EntryPoint\",\"urlTemplate\":\"https:\\\/\\\/www.myllymaenperuna.fi\\\/?s={search_term_string}\"},\"query-input\":{\"@type\":\"PropertyValueSpecification\",\"valueRequired\":true,\"valueName\":\"search_term_string\"}}],\"inLanguage\":\"sv-SE\"},{\"@type\":\"Organization\",\"@id\":\"https:\\\/\\\/www.myllymaenperuna.fi\\\/#organization\",\"name\":\"Myllym\u00e4en Peruna Oy\",\"url\":\"https:\\\/\\\/www.myllymaenperuna.fi\\\/\",\"logo\":{\"@type\":\"ImageObject\",\"inLanguage\":\"sv-SE\",\"@id\":\"https:\\\/\\\/www.myllymaenperuna.fi\\\/#\\\/schema\\\/logo\\\/image\\\/\",\"url\":\"https:\\\/\\\/www.myllymaenperuna.fi\\\/wp-content\\\/uploads\\\/2020\\\/11\\\/cropped-12047055_1707372999492603_8916973196134046991_n.jpg\",\"contentUrl\":\"https:\\\/\\\/www.myllymaenperuna.fi\\\/wp-content\\\/uploads\\\/2020\\\/11\\\/cropped-12047055_1707372999492603_8916973196134046991_n.jpg\",\"width\":760,\"height\":700,\"caption\":\"Myllym\u00e4en Peruna Oy\"},\"image\":{\"@id\":\"https:\\\/\\\/www.myllymaenperuna.fi\\\/#\\\/schema\\\/logo\\\/image\\\/\"}}]}<\/script>\n<!-- \/ Yoast SEO plugin. -->","yoast_head_json":{"title":"PARTNER -","robots":{"index":"index","follow":"follow","max-snippet":"max-snippet:-1","max-image-preview":"max-image-preview:large","max-video-preview":"max-video-preview:-1"},"canonical":"https:\/\/www.myllymaenperuna.fi\/sv\/tuote\/partner\/","og_locale":"sv_SE","og_type":"article","og_title":"PARTNER -","og_description":"S\u00e4ker partner i b\u00f6rjan av sk\u00f6rdes\u00e4songen Mycket tidig st\u00e4rkelsepotatis St\u00e4rkelsesk\u00f6rd i augusti slutf\u00f6rd","og_url":"https:\/\/www.myllymaenperuna.fi\/sv\/tuote\/partner\/","article_modified_time":"2022-12-23T08:49:28+00:00","og_image":[{"width":2256,"height":1504,"url":"https:\/\/www.myllymaenperuna.fi\/wp-content\/uploads\/2021\/03\/Partner.jpg","type":"image\/jpeg"}],"twitter_card":"summary_large_image","twitter_misc":{"Ber\u00e4knad l\u00e4stid":"1 minut"},"schema":{"@context":"https:\/\/schema.org","@graph":[{"@type":"WebPage","@id":"https:\/\/www.myllymaenperuna.fi\/sv\/tuote\/partner\/","url":"https:\/\/www.myllymaenperuna.fi\/sv\/tuote\/partner\/","name":"PARTNER -","isPartOf":{"@id":"https:\/\/www.myllymaenperuna.fi\/#website"},"primaryImageOfPage":{"@id":"https:\/\/www.myllymaenperuna.fi\/sv\/tuote\/partner\/#primaryimage"},"image":{"@id":"https:\/\/www.myllymaenperuna.fi\/sv\/tuote\/partner\/#primaryimage"},"thumbnailUrl":"https:\/\/www.myllymaenperuna.fi\/wp-content\/uploads\/2021\/03\/Partner.jpg","datePublished":"2020-11-09T09:14:16+00:00","dateModified":"2022-12-23T08:49:28+00:00","breadcrumb":{"@id":"https:\/\/www.myllymaenperuna.fi\/sv\/tuote\/partner\/#breadcrumb"},"inLanguage":"sv-SE","potentialAction":[{"@type":"ReadAction","target":["https:\/\/www.myllymaenperuna.fi\/sv\/tuote\/partner\/"]}]},{"@type":"ImageObject","inLanguage":"sv-SE","@id":"https:\/\/www.myllymaenperuna.fi\/sv\/tuote\/partner\/#primaryimage","url":"https:\/\/www.myllymaenperuna.fi\/wp-content\/uploads\/2021\/03\/Partner.jpg","contentUrl":"https:\/\/www.myllymaenperuna.fi\/wp-content\/uploads\/2021\/03\/Partner.jpg","width":2256,"height":1504},{"@type":"BreadcrumbList","@id":"https:\/\/www.myllymaenperuna.fi\/sv\/tuote\/partner\/#breadcrumb","itemListElement":[{"@type":"ListItem","position":1,"name":"Etusivu","item":"https:\/\/www.myllymaenperuna.fi\/sv\/utsadespotatis-nya-tillvaxt-potatis\/"},{"@type":"ListItem","position":2,"name":"PARTNER"}]},{"@type":"WebSite","@id":"https:\/\/www.myllymaenperuna.fi\/#website","url":"https:\/\/www.myllymaenperuna.fi\/","name":"Myllym\u00e4en Peruna","description":"","publisher":{"@id":"https:\/\/www.myllymaenperuna.fi\/#organization"},"potentialAction":[{"@type":"SearchAction","target":{"@type":"EntryPoint","urlTemplate":"https:\/\/www.myllymaenperuna.fi\/?s={search_term_string}"},"query-input":{"@type":"PropertyValueSpecification","valueRequired":true,"valueName":"search_term_string"}}],"inLanguage":"sv-SE"},{"@type":"Organization","@id":"https:\/\/www.myllymaenperuna.fi\/#organization","name":"Myllym\u00e4en Peruna Oy","url":"https:\/\/www.myllymaenperuna.fi\/","logo":{"@type":"ImageObject","inLanguage":"sv-SE","@id":"https:\/\/www.myllymaenperuna.fi\/#\/schema\/logo\/image\/","url":"https:\/\/www.myllymaenperuna.fi\/wp-content\/uploads\/2020\/11\/cropped-12047055_1707372999492603_8916973196134046991_n.jpg","contentUrl":"https:\/\/www.myllymaenperuna.fi\/wp-content\/uploads\/2020\/11\/cropped-12047055_1707372999492603_8916973196134046991_n.jpg","width":760,"height":700,"caption":"Myllym\u00e4en Peruna Oy"},"image":{"@id":"https:\/\/www.myllymaenperuna.fi\/#\/schema\/logo\/image\/"}}]}},"_links":{"self":[{"href":"https:\/\/www.myllymaenperuna.fi\/sv\/wp-json\/wp\/v2\/product\/667","targetHints":{"allow":["GET"]}}],"collection":[{"href":"https:\/\/www.myllymaenperuna.fi\/sv\/wp-json\/wp\/v2\/product"}],"about":[{"href":"https:\/\/www.myllymaenperuna.fi\/sv\/wp-json\/wp\/v2\/types\/product"}],"wp:featuredmedia":[{"embeddable":true,"href":"https:\/\/www.myllymaenperuna.fi\/sv\/wp-json\/wp\/v2\/media\/1717"}],"wp:attachment":[{"href":"https:\/\/www.myllymaenperuna.fi\/sv\/wp-json\/wp\/v2\/media?parent=667"}],"wp:term":[{"taxonomy":"product_brand","embeddable":true,"href":"https:\/\/www.myllymaenperuna.fi\/sv\/wp-json\/wp\/v2\/product_brand?post=667"},{"taxonomy":"product_cat","embeddable":true,"href":"https:\/\/www.myllymaenperuna.fi\/sv\/wp-json\/wp\/v2\/product_cat?post=667"},{"taxonomy":"product_tag","embeddable":true,"href":"https:\/\/www.myllymaenperuna.fi\/sv\/wp-json\/wp\/v2\/product_tag?post=667"}],"curies":[{"name":"wp","href":"https:\/\/api.w.org\/{rel}","templated":true}]}}

<p>Säker partner i början av skördesäsongen<br />
Mycket tidig stärkelsepotatis<br />
Stärkelseskörd i augusti slutförd</p>
<p>Funktioner och lämplighet</p>
<p>&#8211; Mycket tidig stärkelsepotatis</p>
<p>&#8211; Knölgrödan och stärkelsen kommer att vara färdig i augusti</p>
<p>&#8211; Gör ett mycket stort antal knölar</p>
<p>&#8211; Stärkelseprocent 17-20%</p>
<p>&#8211; Något känslig för torrhet</p>
<p>&#8211; Känslig för moptop-virus</p>
<p>&#8211; Nematod resistens alla raser</p>
<p>&#8211; Bra lagring</p>
<p>&nbsp;</p>
<p>Odlingsinstruktioner:</p>
<p>Partnern har motstånd mot nematod Ro1, Ro2, Ro3, Ro4 och Ro5 motstånd 9 (9=motstånd mot alla raser mer än 99 %) och även motståndskraft mot potatisvårt. Partner är känslig för att visa symtom på moptop-virus, men detta är inte ett problem vid produktion av stärkelsepotatis. Dess lagring är bra och groningsvila är medelmåttig. Torka utsatta block är inte lämpliga för Partner.</p>
<p>Befruktninginstruktioner:</p>
<p>Stärkelsepotatisproduktion är planteringsavståndet minst 28–30 cm på grund av det stora antalet knölar och kvävebehov är cirka 100–110 kg N / hektar.</p>
<p>Utsädesproduktion är planteringsavståndet 21-22 cm, kvävebehovet är cirka 50-55 kg N / hektar.</p>
<p>&nbsp;</p>
<p>Växtskydd:</p>
<p>Fröbetning rekommenderas före plantering. Användning av ogräs enligt anvisningarna. Partner är inte känslig Metributzin (Senkor/Mistral).</p>
<p>Partner har en ganska bra motståndskraft mot bladmögel och bra brunröta, så ta hand om pestbekämpning. Kontrollera även torrfläcksjuka efter behov.</p>
<p>Blastnedvissning i potatis före skörd, mekanisk blasten krossas + Spotlight 1.0 L / hektar. När du använder kemisk blastnedvissning Reglone 1,5 &#8211; 2 L / hektar + 400 l vatten.</p>
<p>&nbsp;</p>

<p>Säker partner i början av skördesäsongen<br />
Mycket tidig stärkelsepotatis<br />
Stärkelseskörd i augusti slutförd</p>

<!-- This site is optimized with the Yoast SEO plugin v27.5 - https://yoast.com/product/yoast-seo-wordpress/ -->
<title>PARTNER -</title>
<meta name="robots" content="index, follow, max-snippet:-1, max-image-preview:large, max-video-preview:-1" />
<link rel="canonical" href="https://www.myllymaenperuna.fi/sv/tuote/partner/" />
<meta property="og:locale" content="sv_SE" />
<meta property="og:type" content="article" />
<meta property="og:title" content="PARTNER -" />
<meta property="og:description" content="Säker partner i början av skördesäsongen Mycket tidig stärkelsepotatis Stärkelseskörd i augusti slutförd" />
<meta property="og:url" content="https://www.myllymaenperuna.fi/sv/tuote/partner/" />
<meta property="article:modified_time" content="2022-12-23T08:49:28+00:00" />
<meta property="og:image" content="https://www.myllymaenperuna.fi/wp-content/uploads/2021/03/Partner.jpg" />
	<meta property="og:image:width" content="2256" />
	<meta property="og:image:height" content="1504" />
	<meta property="og:image:type" content="image/jpeg" />
<meta name="twitter:card" content="summary_large_image" />
<meta name="twitter:label1" content="Beräknad lästid" />
	<meta name="twitter:data1" content="1 minut" />
<script type="application/ld+json" class="yoast-schema-graph">{"@context":"https:\/\/schema.org","@graph":[{"@type":"WebPage","@id":"https:\/\/www.myllymaenperuna.fi\/sv\/tuote\/partner\/","url":"https:\/\/www.myllymaenperuna.fi\/sv\/tuote\/partner\/","name":"PARTNER -","isPartOf":{"@id":"https:\/\/www.myllymaenperuna.fi\/#website"},"primaryImageOfPage":{"@id":"https:\/\/www.myllymaenperuna.fi\/sv\/tuote\/partner\/#primaryimage"},"image":{"@id":"https:\/\/www.myllymaenperuna.fi\/sv\/tuote\/partner\/#primaryimage"},"thumbnailUrl":"https:\/\/www.myllymaenperuna.fi\/wp-content\/uploads\/2021\/03\/Partner.jpg","datePublished":"2020-11-09T09:14:16+00:00","dateModified":"2022-12-23T08:49:28+00:00","breadcrumb":{"@id":"https:\/\/www.myllymaenperuna.fi\/sv\/tuote\/partner\/#breadcrumb"},"inLanguage":"sv-SE","potentialAction":[{"@type":"ReadAction","target":["https:\/\/www.myllymaenperuna.fi\/sv\/tuote\/partner\/"]}]},{"@type":"ImageObject","inLanguage":"sv-SE","@id":"https:\/\/www.myllymaenperuna.fi\/sv\/tuote\/partner\/#primaryimage","url":"https:\/\/www.myllymaenperuna.fi\/wp-content\/uploads\/2021\/03\/Partner.jpg","contentUrl":"https:\/\/www.myllymaenperuna.fi\/wp-content\/uploads\/2021\/03\/Partner.jpg","width":2256,"height":1504},{"@type":"BreadcrumbList","@id":"https:\/\/www.myllymaenperuna.fi\/sv\/tuote\/partner\/#breadcrumb","itemListElement":[{"@type":"ListItem","position":1,"name":"Etusivu","item":"https:\/\/www.myllymaenperuna.fi\/sv\/utsadespotatis-nya-tillvaxt-potatis\/"},{"@type":"ListItem","position":2,"name":"PARTNER"}]},{"@type":"WebSite","@id":"https:\/\/www.myllymaenperuna.fi\/#website","url":"https:\/\/www.myllymaenperuna.fi\/","name":"Myllymäen Peruna","description":"","publisher":{"@id":"https:\/\/www.myllymaenperuna.fi\/#organization"},"potentialAction":[{"@type":"SearchAction","target":{"@type":"EntryPoint","urlTemplate":"https:\/\/www.myllymaenperuna.fi\/?s={search_term_string}"},"query-input":{"@type":"PropertyValueSpecification","valueRequired":true,"valueName":"search_term_string"}}],"inLanguage":"sv-SE"},{"@type":"Organization","@id":"https:\/\/www.myllymaenperuna.fi\/#organization","name":"Myllymäen Peruna Oy","url":"https:\/\/www.myllymaenperuna.fi\/","logo":{"@type":"ImageObject","inLanguage":"sv-SE","@id":"https:\/\/www.myllymaenperuna.fi\/#\/schema\/logo\/image\/","url":"https:\/\/www.myllymaenperuna.fi\/wp-content\/uploads\/2020\/11\/cropped-12047055_1707372999492603_8916973196134046991_n.jpg","contentUrl":"https:\/\/www.myllymaenperuna.fi\/wp-content\/uploads\/2020\/11\/cropped-12047055_1707372999492603_8916973196134046991_n.jpg","width":760,"height":700,"caption":"Myllymäen Peruna Oy"},"image":{"@id":"https:\/\/www.myllymaenperuna.fi\/#\/schema\/logo\/image\/"}}]}</script>
<!-- / Yoast SEO plugin. -->

Säker partner i början av skördesäsongen Mycket tidig stärkelsepotatis Stärkelseskörd i augusti slutförd

Myllymäen Peruna

Myllymäen Peruna Oy
